 = 3*p + 969. What is the remainder when k is divided by 28?
27
Let o = -24 + 42. Calculate the remainder when o is divided by 4.
2
Let g(w) = 6*w - 8. Let y be g(6). Suppose -2*c + v = 2 - 15, -4*v = -5*c + y. Calculate the remainder when 29 is divided by c.
5
Let j(b) = -8*b - 2. Suppose -r + 37 = -2*s + s, 2*r - 5*s = 62. Calculate the remainder when r is divided by j(-2).
13
Suppose t = 6*t - 10. Suppose 0 = -t*w - 2*r + 36, -2*w + 40 = -2*r + 3*r. Calculate the remainder when 43 is divided by w.
21
Let z = -7 - -9. Let u = z - -7. Calculate the remainder when 15 is divided by u.
6
Let h = -53 + 108. Calculate the remainder when h is divided by 29.
26
Let n be 7/2*2*-1. Let x = -3 - n. Suppose -5*l = -2*l - 5*d - 34, -x*d = -4*l + 32. Calculate the remainder when 5 is divided by l.
2
Let m(v) = -v**2 - 10*v - 9. Let s(x) = 4*x + 5. Let g(u) = 4*u + 5. Let b(d) = -5*g(d) + 6*s(d). What is the remainder when b(6) is divided by m(-6)?
14
Let m = 0 - 3. Let i(k) = 4*k**2 - k - 2. Let r be i(2). Let z = r + m. What is the remainder when z is divided by 5?
4
Suppose -16 = -o + 4*r + 8, 4*o - 96 = 3*r. Let z be ((-1)/(4/104))/(-1). Suppose s + z = 3*s. What is the remainder when o is divided by s?
11
Let j = -4 - -7. Calculate the remainder when 6/((-13)/4 - -4) is divided by j.
2
Suppose 5*h - 30 = 3*h. What is the remainder when 88 is divided by h?
13
Suppose 63 = -m + 4*m. What is the remainder when m is divided by 12?
9
Let u = -15 - -18. Calculate the remainder when 3 is divided by u.
0
Suppose -5*g = 12 - 82. Suppose j - 2 = g. Calculate the remainder when 47 is divided by j.
15
Suppose -4*g = g - 25. Suppose 2*j - g*l = 40, 35 = 3*j + l + 4*l. Calculate the remainder when 44 is divided by j.
14
Suppose 240 = 5*j - 5*h, 4 = 4*h - 0. Calculate the remainder when 93 is divided by j.
44
Suppose c + 4 = 9. Suppose c*g = -a - 7 + 31, g = -2*a + 57. Calculate the remainder when a is divided by 10.
9
Let o(a) = 2*a**2 + 2*a + 3. What is the remainder when o(-7) is divided by 30?
27
Let j be (3/(-2))/(8/(-16)). Suppose -5*p - j*z = 2*z + 15, p = 3*z + 1. What is the remainder when 8 is divided by ((-15)/6 + 0)*p?
3
Let s = 89 + -63. Let q = s + -79. Let c = 84 + q. What is the remainder when c is divided by 11?
9
Calculate the remainder when (6/(-4))/((-97)/24 - -4) is divided by 14.
8
What is the remainder when 0 + 8 + -2*(-3)/6 is divided by (-1)/(-1 - 2/(-3))?
0
Suppose 0 = -2*o + 2*l + 254, -5*o + 505 = -o - l. Calculate the remainder when o is divided by 12.
6
Suppose -4*l - 13 - 59 = 0. Let g = l + 27. What is the remainder when g is divided by 6?
3
Let q(s) = 4*s - 1. Calculate the remainder when q(9) is divided by 19.
16
Suppose -135 = -5*q + 4*v, 0*q + 2*q - 4*v - 66 = 0. Suppose 0 = -i + 4*i - 36. What is the remainder when q is divided by i?
11
Suppose 3*k - 4*s = 1061, k - 5*k - 4*s + 1424 = 0. Calculate the remainder when 26 is divided by k/25 + 2/(-10).
12
Suppose 2*j + 2 = -0*j. Let o = j + 10. Calculate the remainder when 25 is divided by o.
7
Let w be -3*4/(-6) + 1. Calculate the remainder when 10/(w - -1 - 2) is divided by (-5)/(-1)*(-3)/(-5).
2
Suppose 4*d - 17 = -2*h + 5, -2 = -d. Suppose -q + 2*j = 4*q - 140, -3*q - j = -73. Calculate the remainder when q is divided by h.
5
Calculate the remainder when 51 is divided by 4/(12/27)*3.
24
Let k be ((-20)/(-2))/(14/49). Let x = k + -21. What is the remainder when x is divided by 4?
2
Suppose -87 = -4*g - 4*j + 1, 3*g + 4*j = 62. What is the remainder when g is divided by 8/(-4)*7/(-2)?
5
Let o(u) = -u**3 - 10*u**2 + 12*u + 15. Suppose 4*y - y = -33. Calculate the remainder when 11 is divided by o(y).
3
Suppose -2*j + j = 5*x - 97, -5*j + 4*x = -485. What is the remainder when j is divided by 50?
47
Let l = -7 - -9. Suppose -l*k = 3*k - 135. What is the remainder when k is divided by 10?
7
Suppose -s = -2 - 8. Let d be (-1)/(2/(-3))*-2. Calculate the remainder when s is divided by d/(-2)*(3 - -1).
4
Let k = 3 - -1. Suppose 0*l + 2*l = -4*n - 12, -4*l = k*n + 4. Suppose l*j - 10 - 23 = 5*p, -5*j + 34 = p. Calculate the remainder when j is divided by 4.
3
Suppose 88 = 3*y - y. Suppose 2*t = -2*t + y. What is the remainder when t is divided by 1/((-15)/(-12) + -1)?
3
Suppose 0 = -16*a + 12*a + 60. Calculate the remainder when 37 is divided by a.
7
Let r(d) be the second derivative of d**5/20 - d**3/6 - d**2 - 3*d. Let l(k) = k + 1. Let n be l(1). What is the remainder when r(n) is divided by 3?
1
Suppose 128 = 2*m + 2*h, -4*m + 2*h - h = -256. Suppose l + l - m = 0. Calculate the remainder when l is divided by 0 - (0 + 11)*-1.
10
Suppose -8 = -3*y - r - 5, 3*r = 0. Calculate the remainder when y is divided by 1.
0
Let a(d) = 2*d. Suppose -49*l = -52*l + 3. Calculate the remainder when a(1) is divided by l.
0
Suppose 0*r - 7 = -r. Let l = 5 - r. What is the remainder when 40 is divided by (-82)/(-6) + l/(-6)?
12
Let x = 2 + -2. Suppose -p + x*p = -25. What is the remainder when p is divided by (3 - 1)/(2/13)?
12
Suppose 0 = 10*d - 3*d - 133. What is the remainder when 28 is divided by d?
9
Let j = -42 - -75. What is the remainder when 125 is divided by j?
26
Let n(b) = -9*b - 1. Let x = -43 - -52. What is the remainder when n(-2) is divided by x?
8
Suppose -5*c = 2*x - 14, -2*x + 2*c = -0*c - 28. Suppose 0 = 2*w - x - 4. Calculate the remainder when 0/(-2) - 1 - -24 is divided by w.
7
Let c = -19 + 27. Suppose 5*r + 2*l = 8, -5*r + 0*l - l + 4 = 0. Suppose -2*h - 2*d + 20 = r, 2*d - 15 = -d. What is the remainder when c is divided by h?
3
Suppose 5*s - 582 = -s. Calculate the remainder when s is divided by 20.
17
Let z = -115 + 208. What is the remainder when z is divided by 25?
18
Let n(p) = -2*p**3 - 2*p**2 + 1. Let w(s) = -s**2 - 12*s - 12. Let c be w(-11). What is the remainder when 2 is divided by n(c)?
0
Let o(l) = l**2 - 1. Let z(k) = 7*k**2 - 6*k - 1. Let w(v) = -6*o(v) + z(v). Calculate the remainder when 19 is divided by w(6).
4
Let x(s) = -23*s + 2. What is the remainder when x(-2) is divided by 1/1 - (-21 - 3)?
23
Let z be 2/9 + 4/(-18). Suppose z = 4*a - 48 - 8. Let o(q) = q**3 - 8*q**2 + 8*q - 2. What is the remainder when a is divided by o(7)?
4
Let b be 6/9 - (-16)/(-6). Let q = 0 - b. Calculate the remainder when 14 is divided by 7 - -1 - 0/q.
6
Let a be ((-4)/(-2))/(8 - 6). Suppose -25 = -2*c + a. Calculate the remainder when 23 is divided by c.
10
Let m(r) = -r**2 - r - 2. Let f be m(-3). What is the remainder when 12*(-4)/f + 0 is divided by 2?
0
Let q(u) = 2*u + 6. Let i be q(-5). Let m = i + 8. Calculate the remainder when 13 is divided by m.
1
Let z(n) = n + 16. Calculate the remainder when z(-7) is divided by 2.
1
Suppose 3*m - m = -204. Calculate the remainder when m/(-9) + 2/(-6) is divided by 4.
3
Let d = 1 - -11. Suppose -w + 14*w = 585. What is the remainder when w is divided by d?
9
What is the remainder when 188 is divided by (216/21)/(-6)*-14?
20
Let y = -52 + 80. Calculate the remainder when 55 is divided by y.
27
Let h = 305 - 193. What is the remainder when h is divided by 38?
36
Calculate the remainder when 8/(-4) + 5 - -19 is divided by 8.
6
Suppose 5*h - 128 = -3*h. What is the remainder when 62 is divided by h?
14
Let l(c) = -c**2 + 6*c - 5. Suppose 0 = 3*o - 5*k + 1, -6*o + k - 9 = -o. Calculate the remainder when l(3) is divided by ((-3)/o)/(6/8).
0
Suppose -9*g + 252 = -5*g. What is the remainder when g is divided by 22?
19
Let u = -69 - -103. Suppose 0 = 5*q - 10 - 0, 5*q - 16 = -3*c. What is the remainder when u is divided by 8/(2/6*c)?
10
Suppose -5*j + 14 = -41. What is the remainder when 76 is divided by j?
10
Let m = -48 - -68. Suppose 0 = -3*k + m - 5. Calculate the remainder when 13 is divided by k.
3
Let d(s) = 5*s**2 + 1. Let x(w) = w**3 - w**2 - 2*w + 1. Let p be x(1). Let v(k) = -k**2 + k + 16. Calculate the remainder when v(0) is divided by d(p).
4
Let y be -1 + -1 - (7 + -4). Calculate the remainder when 36 is divided by 26/(y/(15/(-6))).
10
Calculate the remainder when ((-517)/(-22))/((-2)/(-4)) is divided by 24.
23
Let m(y) = -y**2 + 13*y - 19. What is the remainder when 68 is divided by m(6)?
22
Suppose -3*b + 5 = -7. Suppose -b*a + 4*s + 0*s = -40, a = 5*s + 2. Suppose 0*k - 2*k + a = 0. What is the remainder when 11 is div